{"id":24080,"date":"2024-06-26T08:15:24","date_gmt":"2024-06-26T08:15:24","guid":{"rendered":"https:\/\/www.saiebologna.it\/?page_id=24080"},"modified":"2024-10-17T10:15:27","modified_gmt":"2024-10-17T10:15:27","slug":"store-innovation-award","status":"publish","type":"page","link":"https:\/\/www.saiebologna.it\/it\/store-innovation-award\/","title":{"rendered":"Store Innovation Award 2024"},"content":{"rendered":"[vc_row equal_height=&#8221;yes&#8221; el_class=&#8221;my-1&#8243;][vc_column width=&#8221;2\/3&#8243; el_class=&#8221;px-lg-5&#8243;][vc_row_inner equal_height=&#8221;yes&#8221; content_placement=&#8221;top&#8221;][vc_column_inner][vc_column_text]\n<h2>Store Innovation Award 2024: La distribuzione edile nell\u2019era del Pnrr<\/h2>\n[\/vc_column_text][vc_column_text]L&#8217;evento, organizzato da <strong>Il Commercio Edile<\/strong> e giunto alla sua 9\u00aa edizione, ha coinvolto, come ogni anno, i professionisti del settore edile per un&#8217;occasione di formazione e informazione. L&#8217;edizione 2024 \u00e8 stata guidata da Moreno Morello e aveva come titolo <strong>&#8220;La distribuzione edile nell\u2019era del PNRR. Attrarre, Conquistare e Conservare il Cliente&#8221;<\/strong>. Tra i protagonisti dell&#8217;evento, <strong>Veronica Verona<\/strong> e <strong>Achille Carcagn\u00ec<\/strong> che hanno fornito contributi su come affrontare le sfide e opportunit\u00e0 dell\u2019era del Pnrr; i visitatori sono stati aggiornarti sulle possibilit\u00e0 che offre il Piano nazionale di ripresa e resilienza e sulle migliori pratiche di vendita e tendenze del mercato.[\/vc_column_text][\/vc_column_inner][\/vc_row_inner][vc_row_inner equal_height=&#8221;yes&#8221; content_placement=&#8221;top&#8221;][vc_column_inner width=&#8221;1\/2&#8243;][vc_single_image image=&#8221;24082&#8243; img_size=&#8221;large&#8221;][\/vc_column_inner][vc_column_inner width=&#8221;1\/2&#8243;][\/vc_column_inner][\/vc_row_inner][\/vc_column][vc_column width=&#8221;1\/3&#8243; el_class=&#8221;p-1 p-sm-3 p-lg-4 bg-darker&#8221;][vc_row_inner][vc_column_inner][vc_wp_custommenu nav_menu=&#8221;13&#8243;][\/vc_column_inner][\/vc_row_inner][\/vc_column][\/vc_row][vc_row equal_height=&#8221;yes&#8221; content_placement=&#8221;middle&#8221; el_class=&#8221;my-1 bg-gray&#8221;][vc_column][vc_row_inner equal_height=&#8221;yes&#8221; content_placement=&#8221;top&#8221;][vc_column_inner el_class=&#8221;col-img&#8221; width=&#8221;1\/3&#8243; css=&#8221;.vc_custom_1719390789876{background-image: url(\/public\/uploads\/sites\/9\/IMG_SIA24_O.png?id=24089) !important;background-position: center !important;background-repeat: no-repeat !important;background-size: cover !important;}&#8221;][\/vc_column_inner][vc_column_inner el_class=&#8221;py-lg-2 px-lg-5&#8243; width=&#8221;2\/3&#8243;][vc_column_text css_animation=&#8221;fadeIn&#8221;]\n<h3>I protagonisti: rivenditori edili, imprese edili, architetti e produttori<\/h3>\n[\/vc_column_text][vc_column_text css_animation=&#8221;fadeIn&#8221;]Lo Store Innovation Award \u00e8 un evento che coinvolge da ben 9 edizioni, <strong>rivenditori edili<\/strong>, <strong>imprenditori<\/strong>, <strong>architetti<\/strong> ma non solo, tutti i <strong>professionisti del settore edile<\/strong>, dando loro un\u2019opportunit\u00e0 di attivare sinergie e migliorare il proprio business. \u00c8 il luogo ideale per incontrarsi, condividere esperienze, discutere delle ultime innovazioni e tendenze del mercato e stabilire nuove collaborazioni.<\/p>\n<p>Questa edizione \u00e8 stata l\u2019occasione per tutti gli attori della filiera di attivare nuove relazioni, conoscere i prodotti pi\u00f9 innovativi, formarsi e informarsi per sviluppare nuove attivit\u00e0 da inserire nella propria realt\u00e0 per migliorare il fatturato.[\/vc_column_text][\/vc_column_inner][\/vc_row_inner][\/vc_column][\/vc_row][vc_row equal_height=&#8221;yes&#8221; content_placement=&#8221;middle&#8221; el_class=&#8221;my-1&#8243;][vc_column][vc_row_inner equal_height=&#8221;yes&#8221; content_placement=&#8221;top&#8221;][vc_column_inner el_class=&#8221;py-lg-2 px-lg-5&#8243; width=&#8221;2\/3&#8243;][vc_column_text css_animation=&#8221;fadeIn&#8221;]\n<h3>Le iniziative a SAIE Bologna 2024<\/h3>\n[\/vc_column_text][vc_column_text css_animation=&#8221;fadeIn&#8221;]<span style=\"color: #eb5b37\"><strong>FORMAZIONE<\/strong><\/span><br \/>\nInsieme ad esperti del settore per affronterai le sfide e opportunit\u00e0 dell\u2019era del Pnrr; potrai aggiornarti sulle possibilit\u00e0 che offre il Piano nazionale di ripresa e resilienza e sulle migliori pratiche di vendita e tendenze del mercato.[\/vc_column_text][vc_separator css_animation=&#8221;fadeIn&#8221;][vc_column_text css_animation=&#8221;fadeIn&#8221;]<span style=\"color: #eb5b37\"><strong>NETWORKING PROFESSIONALE<\/strong><\/span><br \/>\nPotrai intrattenerti con altri professionisti del settore per scambiare idee e creare sinergie per incrementare la tua preziosa rete di contatti.[\/vc_column_text][vc_separator css_animation=&#8221;fadeIn&#8221;][vc_column_text css_animation=&#8221;fadeIn&#8221;]<span style=\"color: #eb5b37\"><strong>PREMIAZIONI<\/strong><\/span><br \/>\nIl Commercio Edile riconoscer\u00e0 l\u2019eccellenza e l\u2019innovazione premiando i migliori rivenditori di materiali edili italiani del 2024.[\/vc_column_text][vc_empty_space height=&#8221;20px&#8221;][\/vc_column_inner][vc_column_inner el_class=&#8221;col-img&#8221; width=&#8221;1\/3&#8243; css=&#8221;.vc_custom_1719390800380{background-image: url(\/public\/uploads\/sites\/9\/IMG_SIA24_V.png?id=24091) !important;background-position: center !important;background-repeat: no-repeat !important;background-size: cover !important;}&#8221;][\/vc_column_inner][\/vc_row_inner][\/vc_column][\/vc_row][vc_row equal_height=&#8221;yes&#8221; content_placement=&#8221;middle&#8221; disable_element=&#8221;yes&#8221; el_class=&#8221;py-lg-2 px-lg-5 bg-gray&#8221; el_id=&#8221;programma&#8221;][vc_column css=&#8221;.vc_custom_1564664077693{padding-top: 0px !important;}&#8221;][vc_row_inner equal_height=&#8221;yes&#8221; content_placement=&#8221;top&#8221;][vc_column_inner el_class=&#8221;py-lg-2 px-lg-5&#8243;][vc_column_text]\n<h3 style=\"text-align: center\"><strong>Programma Generale<\/strong><\/h3>\n<p style=\"text-align: center\"><em>aggiornato al 17 maggio 2024<\/em><\/p>\n[\/vc_column_text][\/vc_column_inner][\/vc_row_inner][vc_row_inner equal_height=&#8221;yes&#8221;][vc_column_inner width=&#8221;1\/4&#8243;][vc_text_separator title=&#8221;Mercoled\u00ec 9 ottobre&#8221; title_align=&#8221;separator_align_left&#8221; align=&#8221;align_left&#8221; color=&#8221;custom&#8221; accent_color=&#8221;#f8b43f&#8221;][vc_column_text]\n<p style=\"text-align: left\">MATTINA<\/p>\n<p><strong>Sottofondi per pavimentazioni ad uso civile e commerciale<\/strong><\/p>\n<p style=\"text-align: left\">POMERIGGIO<\/p>\n<p><strong>Calcestruzzi drenanti: capitolati, controlli e applicazioni<\/strong>[\/vc_column_text][\/vc_column_inner][vc_column_inner el_class=&#8221;bg-gray&#8221; width=&#8221;1\/4&#8243;][vc_text_separator title=&#8221;Gioved\u00ec 10 ottobre&#8221; title_align=&#8221;separator_align_left&#8221; align=&#8221;align_left&#8221; color=&#8221;custom&#8221; accent_color=&#8221;#f8b43f&#8221;][vc_column_text]\n<p style=\"text-align: left\">MATTINA<\/p>\n<p><strong>I controlli sui massetti: quali controlli, quando, responsabilit\u00e0<\/strong><\/p>\n<p style=\"text-align: left\">POMERIGGIO<\/p>\n<p><strong>Prescrizioni speciali e verifiche per sistemi resinosi su pavimenti<\/strong>[\/vc_column_text][\/vc_column_inner][vc_column_inner el_class=&#8221;my-&#8221; width=&#8221;1\/4&#8243;][vc_text_separator title=&#8221;Venerd\u00ec 11 ottobre&#8221; title_align=&#8221;separator_align_left&#8221; align=&#8221;align_left&#8221; color=&#8221;custom&#8221; accent_color=&#8221;#f8b43f&#8221;][vc_column_text]\n<p style=\"text-align: left\">MATTINA<\/p>\n<p><strong>Il sistema pavimento: a basso spessore e a bassa inerzia<\/strong><\/p>\n<p style=\"text-align: left\">POMERIGGIO<\/p>\n<p><strong>Pavimenti industriali innovativi: soluzioni, norme, capitolati, controlli<\/strong>[\/vc_column_text][\/vc_column_inner][vc_column_inner el_class=&#8221;bg-gray&#8221; width=&#8221;1\/4&#8243;][vc_text_separator title=&#8221;Sabato 12 ottobre&#8221; title_align=&#8221;separator_align_left&#8221; align=&#8221;align_left&#8221; color=&#8221;custom&#8221; accent_color=&#8221;#f8b43f&#8221;][vc_column_text]\n<p style=\"text-align: left\">MATTINA<\/p>\n<p><strong>La preparazione dei supporti per l&#8217;applicazione delle resine<\/strong>[\/vc_column_text][\/vc_column_inner][\/vc_row_inner][\/vc_column][\/vc_row]\n","protected":false},"excerpt":{"rendered":"<p>[vc_row equal_height=&#8221;yes&#8221; el_class=&#8221;my-1&#8243;][vc_column width=&#8221;2\/3&#8243; el_class=&#8221;px-lg-5&#8243;][vc_row_inner equal_height=&#8221;yes&#8221; content_placement=&#8221;top&#8221;][vc_column_inner][vc_column_text] Store Innovation Award 2024: La distribuzione edile nell\u2019era del Pnrr [\/vc_column_text][vc_column_text]L&#8217;evento, organizzato da Il Commercio Edile e giunto alla sua 9\u00aa edizione, ha coinvolto, come ogni anno, i professionisti del settore edile per un&#8217;occasione di formazione e informazione. L&#8217;edizione 2024 \u00e8 stata guidata da Moreno Morello e aveva [&hellip;]<\/p>\n","protected":false},"author":33,"featured_media":18762,"parent":0,"menu_order":0,"comment_status":"closed","ping_status":"closed","template":"","meta":[],"acf":[],"aioseo_notices":[],"_links":{"self":[{"href":"https:\/\/www.saiebologna.it\/it\/wp-json\/wp\/v2\/pages\/24080"}],"collection":[{"href":"https:\/\/www.saiebologna.it\/it\/wp-json\/wp\/v2\/pages"}],"about":[{"href":"https:\/\/www.saiebologna.it\/it\/wp-json\/wp\/v2\/types\/page"}],"author":[{"embeddable":true,"href":"https:\/\/www.saiebologna.it\/it\/wp-json\/wp\/v2\/users\/33"}],"replies":[{"embeddable":true,"href":"https:\/\/www.saiebologna.it\/it\/wp-json\/wp\/v2\/comments?post=24080"}],"version-history":[{"count":2,"href":"https:\/\/www.saiebologna.it\/it\/wp-json\/wp\/v2\/pages\/24080\/revisions"}],"predecessor-version":[{"id":27424,"href":"https:\/\/www.saiebologna.it\/it\/wp-json\/wp\/v2\/pages\/24080\/revisions\/27424"}],"wp:featuredmedia":[{"embeddable":true,"href":"https:\/\/www.saiebologna.it\/it\/wp-json\/wp\/v2\/media\/18762"}],"wp:attachment":[{"href":"https:\/\/www.saiebologna.it\/it\/wp-json\/wp\/v2\/media?parent=24080"}],"curies":[{"name":"wp","href":"https:\/\/api.w.org\/{rel}","templated":true}]}}

[vc_row equal_height=&#8221;yes&#8221; el_class=&#8221;my-1&#8243;][vc_column width=&#8221;2/3&#8243; el_class=&#8221;px-lg-5&#8243;][vc_row_inner equal_height=&#8221;yes&#8221; content_placement=&#8221;top&#8221;][vc_column_inner][vc_column_text]
<h2>Store Innovation Award 2024: La distribuzione edile nell’era del Pnrr</h2>
[/vc_column_text][vc_column_text]L&#8217;evento, organizzato da <strong>Il Commercio Edile</strong> e giunto alla sua 9ª edizione, ha coinvolto, come ogni anno, i professionisti del settore edile per un&#8217;occasione di formazione e informazione. L&#8217;edizione 2024 è stata guidata da Moreno Morello e aveva come titolo <strong>&#8220;La distribuzione edile nell’era del PNRR. Attrarre, Conquistare e Conservare il Cliente&#8221;</strong>. Tra i protagonisti dell&#8217;evento, <strong>Veronica Verona</strong> e <strong>Achille Carcagnì</strong> che hanno fornito contributi su come affrontare le sfide e opportunità dell’era del Pnrr; i visitatori sono stati aggiornarti sulle possibilità che offre il Piano nazionale di ripresa e resilienza e sulle migliori pratiche di vendita e tendenze del mercato.[/vc_column_text][/vc_column_inner][/vc_row_inner][vc_row_inner equal_height=&#8221;yes&#8221; content_placement=&#8221;top&#8221;][vc_column_inner width=&#8221;1/2&#8243;][vc_single_image image=&#8221;24082&#8243; img_size=&#8221;large&#8221;][/vc_column_inner][vc_column_inner width=&#8221;1/2&#8243;][/vc_column_inner][/vc_row_inner][/vc_column][vc_column width=&#8221;1/3&#8243; el_class=&#8221;p-1 p-sm-3 p-lg-4 bg-darker&#8221;][vc_row_inner][vc_column_inner][vc_wp_custommenu nav_menu=&#8221;13&#8243;][/vc_column_inner][/vc_row_inner][/vc_column][/vc_row][vc_row equal_height=&#8221;yes&#8221; content_placement=&#8221;middle&#8221; el_class=&#8221;my-1 bg-gray&#8221;][vc_column][vc_row_inner equal_height=&#8221;yes&#8221; content_placement=&#8221;top&#8221;][vc_column_inner el_class=&#8221;col-img&#8221; width=&#8221;1/3&#8243; css=&#8221;.vc_custom_1719390789876{background-image: url(/public/uploads/sites/9/IMG_SIA24_O.png?id=24089) !important;background-position: center !important;background-repeat: no-repeat !important;background-size: cover !important;}&#8221;][/vc_column_inner][vc_column_inner el_class=&#8221;py-lg-2 px-lg-5&#8243; width=&#8221;2/3&#8243;][vc_column_text css_animation=&#8221;fadeIn&#8221;]
<h3>I protagonisti: rivenditori edili, imprese edili, architetti e produttori</h3>
[/vc_column_text][vc_column_text css_animation=&#8221;fadeIn&#8221;]Lo Store Innovation Award è un evento che coinvolge da ben 9 edizioni, <strong>rivenditori edili</strong>, <strong>imprenditori</strong>, <strong>architetti</strong> ma non solo, tutti i <strong>professionisti del settore edile</strong>, dando loro un’opportunità di attivare sinergie e migliorare il proprio business. È il luogo ideale per incontrarsi, condividere esperienze, discutere delle ultime innovazioni e tendenze del mercato e stabilire nuove collaborazioni.</p>
<p>Questa edizione è stata l’occasione per tutti gli attori della filiera di attivare nuove relazioni, conoscere i prodotti più innovativi, formarsi e informarsi per sviluppare nuove attività da inserire nella propria realtà per migliorare il fatturato.[/vc_column_text][/vc_column_inner][/vc_row_inner][/vc_column][/vc_row][vc_row equal_height=&#8221;yes&#8221; content_placement=&#8221;middle&#8221; el_class=&#8221;my-1&#8243;][vc_column][vc_row_inner equal_height=&#8221;yes&#8221; content_placement=&#8221;top&#8221;][vc_column_inner el_class=&#8221;py-lg-2 px-lg-5&#8243; width=&#8221;2/3&#8243;][vc_column_text css_animation=&#8221;fadeIn&#8221;]
<h3>Le iniziative a SAIE Bologna 2024</h3>
[/vc_column_text][vc_column_text css_animation=&#8221;fadeIn&#8221;]<span style="color: #eb5b37"><strong>FORMAZIONE</strong></span><br />
Insieme ad esperti del settore per affronterai le sfide e opportunità dell’era del Pnrr; potrai aggiornarti sulle possibilità che offre il Piano nazionale di ripresa e resilienza e sulle migliori pratiche di vendita e tendenze del mercato.[/vc_column_text][vc_separator css_animation=&#8221;fadeIn&#8221;][vc_column_text css_animation=&#8221;fadeIn&#8221;]<span style="color: #eb5b37"><strong>NETWORKING PROFESSIONALE</strong></span><br />
Potrai intrattenerti con altri professionisti del settore per scambiare idee e creare sinergie per incrementare la tua preziosa rete di contatti.[/vc_column_text][vc_separator css_animation=&#8221;fadeIn&#8221;][vc_column_text css_animation=&#8221;fadeIn&#8221;]<span style="color: #eb5b37"><strong>PREMIAZIONI</strong></span><br />
Il Commercio Edile riconoscerà l’eccellenza e l’innovazione premiando i migliori rivenditori di materiali edili italiani del 2024.[/vc_column_text][vc_empty_space height=&#8221;20px&#8221;][/vc_column_inner][vc_column_inner el_class=&#8221;col-img&#8221; width=&#8221;1/3&#8243; css=&#8221;.vc_custom_1719390800380{background-image: url(/public/uploads/sites/9/IMG_SIA24_V.png?id=24091) !important;background-position: center !important;background-repeat: no-repeat !important;background-size: cover !important;}&#8221;][/vc_column_inner][/vc_row_inner][/vc_column][/vc_row][vc_row equal_height=&#8221;yes&#8221; content_placement=&#8221;middle&#8221; disable_element=&#8221;yes&#8221; el_class=&#8221;py-lg-2 px-lg-5 bg-gray&#8221; el_id=&#8221;programma&#8221;][vc_column css=&#8221;.vc_custom_1564664077693{padding-top: 0px !important;}&#8221;][vc_row_inner equal_height=&#8221;yes&#8221; content_placement=&#8221;top&#8221;][vc_column_inner el_class=&#8221;py-lg-2 px-lg-5&#8243;][vc_column_text]
<h3 style="text-align: center"><strong>Programma Generale</strong></h3>
<p style="text-align: center"><em>aggiornato al 17 maggio 2024</em></p>
[/vc_column_text][/vc_column_inner][/vc_row_inner][vc_row_inner equal_height=&#8221;yes&#8221;][vc_column_inner width=&#8221;1/4&#8243;][vc_text_separator title=&#8221;Mercoledì 9 ottobre&#8221; title_align=&#8221;separator_align_left&#8221; align=&#8221;align_left&#8221; color=&#8221;custom&#8221; accent_color=&#8221;#f8b43f&#8221;][vc_column_text]
<p style="text-align: left">MATTINA</p>
<p><strong>Sottofondi per pavimentazioni ad uso civile e commerciale</strong></p>
<p style="text-align: left">POMERIGGIO</p>
<p><strong>Calcestruzzi drenanti: capitolati, controlli e applicazioni</strong>[/vc_column_text][/vc_column_inner][vc_column_inner el_class=&#8221;bg-gray&#8221; width=&#8221;1/4&#8243;][vc_text_separator title=&#8221;Giovedì 10 ottobre&#8221; title_align=&#8221;separator_align_left&#8221; align=&#8221;align_left&#8221; color=&#8221;custom&#8221; accent_color=&#8221;#f8b43f&#8221;][vc_column_text]
<p style="text-align: left">MATTINA</p>
<p><strong>I controlli sui massetti: quali controlli, quando, responsabilità</strong></p>
<p style="text-align: left">POMERIGGIO</p>
<p><strong>Prescrizioni speciali e verifiche per sistemi resinosi su pavimenti</strong>[/vc_column_text][/vc_column_inner][vc_column_inner el_class=&#8221;my-&#8221; width=&#8221;1/4&#8243;][vc_text_separator title=&#8221;Venerdì 11 ottobre&#8221; title_align=&#8221;separator_align_left&#8221; align=&#8221;align_left&#8221; color=&#8221;custom&#8221; accent_color=&#8221;#f8b43f&#8221;][vc_column_text]
<p style="text-align: left">MATTINA</p>
<p><strong>Il sistema pavimento: a basso spessore e a bassa inerzia</strong></p>
<p style="text-align: left">POMERIGGIO</p>
<p><strong>Pavimenti industriali innovativi: soluzioni, norme, capitolati, controlli</strong>[/vc_column_text][/vc_column_inner][vc_column_inner el_class=&#8221;bg-gray&#8221; width=&#8221;1/4&#8243;][vc_text_separator title=&#8221;Sabato 12 ottobre&#8221; title_align=&#8221;separator_align_left&#8221; align=&#8221;align_left&#8221; color=&#8221;custom&#8221; accent_color=&#8221;#f8b43f&#8221;][vc_column_text]
<p style="text-align: left">MATTINA</p>
<p><strong>La preparazione dei supporti per l&#8217;applicazione delle resine</strong>[/vc_column_text][/vc_column_inner][/vc_row_inner][/vc_column][/vc_row]

<p>[vc_row equal_height=&#8221;yes&#8221; el_class=&#8221;my-1&#8243;][vc_column width=&#8221;2/3&#8243; el_class=&#8221;px-lg-5&#8243;][vc_row_inner equal_height=&#8221;yes&#8221; content_placement=&#8221;top&#8221;][vc_column_inner][vc_column_text] Store Innovation Award 2024: La distribuzione edile nell’era del Pnrr [/vc_column_text][vc_column_text]L&#8217;evento, organizzato da Il Commercio Edile e giunto alla sua 9ª edizione, ha coinvolto, come ogni anno, i professionisti del settore edile per un&#8217;occasione di formazione e informazione. L&#8217;edizione 2024 è stata guidata da Moreno Morello e aveva [&hellip;]</p>
