{"id":26076,"date":"2024-09-02T15:34:30","date_gmt":"2024-09-02T15:34:30","guid":{"rendered":"https:\/\/www.saiebologna.it\/?page_id=26076"},"modified":"2024-10-15T06:59:04","modified_gmt":"2024-10-15T06:59:04","slug":"scuola-ingegneria-strutturale","status":"publish","type":"page","link":"https:\/\/www.saiebologna.it\/it\/scuola-ingegneria-strutturale\/","title":{"rendered":"Scuola di Ingegneria Strutturale \u2013 ReLUIS"},"content":{"rendered":"[vc_row equal_height=&#8221;yes&#8221; el_class=&#8221;my-1&#8243;][vc_column width=&#8221;2\/3&#8243; el_class=&#8221;py-lg-2 px-lg-5&#8243;][vc_row_inner][vc_column_inner][vc_column_text]\n<h2>ReLUIS a SAIE Bologna: formazione avanzata in Ingegneria Strutturale e Sismica<\/h2>\n[\/vc_column_text][vc_column_text]ReLUIS \u00e8 la Rete dei Laboratori Universitari di Ingegneria Sismica e Strutturale, un <strong>Consorzio interuniversitario<\/strong> che ha lo scopo di coordinare le attivit\u00e0 della comunit\u00e0 scientifica di <strong>Ingegneria Sismica e strutturale<\/strong>.<\/p>\n<p>Il <a href=\"http:\/\/www.reluis.it\"><strong>Consorzio ReLUIS<\/strong><\/a>, nell\u2019ambito degli accordi per la prevenzione sismica con il Dipartimento della Protezione Civile, svolge da pi\u00f9 di venti anni attivit\u00e0 di sviluppo delle conoscenze volte a potenziare la resilienza delle comunit\u00e0 e delle costruzioni per i diversi rischi, attraverso la ricerca applicata e il suo trasferimento, la formazione e l\u2019innovazione tecnologica nel settore delle costruzioni. Tali attivit\u00e0 sono svolte da quasi 300 unit\u00e0 di ricerca in circa 50 universit\u00e0 italiane. Molti dei risultati ottenuti in questi venti anni sono confluiti nelle Norme tecniche per le costruzioni e nelle nuove versioni degli Eurocodici, in particolare l\u2019EC8 (Eurocodice sismico).<\/p>\n<p>Per il primo anno ReLUIS ha organizzato la <strong>\u201cScuola di ingegneria strutturale\u201d<\/strong> &#8211; a SAIE Bologna 2024 &#8211; che rientra tra gli eventi promossi dal Dipartimento della protezione civile realizzati nell\u2019ambito della Settimana Nazionale della Protezione Civile 2024.<\/p>\n<p>Un\u2019iniziativa che ha coperto le giornate di fiera con un programma estremamente qualificato, che ha coinvolto alcuni dei migliori docenti sulle materie trattate, che riguardavano l&#8217;ingegneria strutturale e sismica applicata all&#8217;ambito delle infrastrutture e degli edifici.<\/p>\n<p>All&#8217;interno del programma vi sono state delle Key Lecture della durata di due ore e lezioni della durata di un\u2019ora.<\/p>\n<p><strong><em>Per la partecipazione agli eventi di ReLUIS era previsto il riconoscimento di crediti formativi professionali dal Consiglio Nazionale degli Ingegneri<\/em><\/strong>[\/vc_column_text][\/vc_column_inner][\/vc_row_inner][vc_row_inner content_placement=&#8221;middle&#8221;][vc_column_inner width=&#8221;1\/2&#8243;][vc_single_image image=&#8221;27079&#8243; img_size=&#8221;full&#8221; onclick=&#8221;custom_link&#8221; img_link_target=&#8221;_blank&#8221; link=&#8221;https:\/\/eventi.protezionecivile.gov.it\/it\/settimana-della-protezione-civile\/&#8221;][\/vc_column_inner][vc_column_inner width=&#8221;1\/2&#8243;][vc_column_text]\n<p style=\"text-align: right\"><a class=\"btn btn-lg btn-primary my-0\" href=\"#programma\">Programma<\/a><\/p>\n[\/vc_column_text][\/vc_column_inner][\/vc_row_inner][\/vc_column][vc_column width=&#8221;1\/3&#8243; el_class=&#8221;p-1 p-sm-3 p-lg-4 bg-darker&#8221;][vc_row_inner][vc_column_inner][vc_wp_custommenu nav_menu=&#8221;13&#8243;][\/vc_column_inner][\/vc_row_inner][\/vc_column][\/vc_row][vc_row equal_height=&#8221;yes&#8221; content_placement=&#8221;middle&#8221; el_class=&#8221;py-lg-2 px-lg-5 bg-gray&#8221; el_id=&#8221;programma&#8221;][vc_column css=&#8221;.vc_custom_1564664077693{padding-top: 0px !important;}&#8221;][vc_row_inner equal_height=&#8221;yes&#8221; content_placement=&#8221;top&#8221;][vc_column_inner el_class=&#8221;py-lg-2 px-lg-5&#8243;][vc_column_text]\n<h3 style=\"text-align: center\"><strong>Programma Generale SAIE 2024<\/strong><\/h3>\n[\/vc_column_text][\/vc_column_inner][\/vc_row_inner][vc_row_inner equal_height=&#8221;yes&#8221;][vc_column_inner width=&#8221;1\/3&#8243;][vc_text_separator title=&#8221;Mercoled\u00ec 9 ottobre&#8221; title_align=&#8221;separator_align_left&#8221; align=&#8221;align_left&#8221; color=&#8221;custom&#8221; accent_color=&#8221;#f8b43f&#8221;][vc_column_text]\n<p style=\"text-align: left\">10:00 &#8211; 12:00<br \/>\n<strong><span style=\"color: #f8b43f\">Key lecture:<\/span> <\/strong><em><strong>Il monitoraggio vibrazionale on-site e l\u2019utilizzo di dati satellitari per il monitoraggio di strutture ed opere infrastrutturali.<br \/>\n<\/strong><\/em>Prof. Marco Savoia, Prof. Felice Carlo Ponzo<\/p>\n[\/vc_column_text][vc_separator color=&#8221;custom&#8221; accent_color=&#8221;#d6d6d6&#8243;][vc_column_text]\n<p style=\"text-align: left\">12:00 &#8211; 13:00<br \/>\n<em><strong>comportamento sismico delle strutture di legno alla luce dello sviluppo del nuovo\u202fEN1998-1-2<br \/>\n<\/strong><\/em>Prof. Massimo Fragiacomo<\/p>\n[\/vc_column_text][vc_separator color=&#8221;custom&#8221; accent_color=&#8221;#d6d6d6&#8243;][vc_column_text]\n<p style=\"text-align: left\">14:00 &#8211; 15:00<br \/>\n<em><strong>I materiali Compositi a matrice inorganica (IMC &#8211; Inorganic Matrix Composites) per gli interventi su strutture esistenti<br \/>\n<\/strong><\/em>Prof. Maria Antonietta Aiello<\/p>\n[\/vc_column_text][vc_separator color=&#8221;custom&#8221; accent_color=&#8221;#d6d6d6&#8243;][vc_column_text]\n<p style=\"text-align: left\">15:00 &#8211; 16:00<br \/>\n<em><strong>Calcestruzzi Innovativi a basso impatto ambientale<br \/>\n<\/strong><\/em>Prof. Claudio Mazzotti<\/p>\n[\/vc_column_text][vc_separator color=&#8221;custom&#8221; accent_color=&#8221;#d6d6d6&#8243;][vc_column_text]\n<p style=\"text-align: left\">16:00 &#8211; 17:00<br \/>\n<em><strong>I calcestruzzi fibrorinforzati (FRC) per il miglioramento sismico delle strutture esistenti<br \/>\n<\/strong><\/em>Prof. Giovanni Plizzari, Ing. L. Faccone<\/p>\n[\/vc_column_text][\/vc_column_inner][vc_column_inner el_class=&#8221;bg-gray&#8221; width=&#8221;1\/3&#8243;][vc_text_separator title=&#8221;Gioved\u00ec 10 ottobre&#8221; title_align=&#8221;separator_align_left&#8221; align=&#8221;align_left&#8221; color=&#8221;custom&#8221; accent_color=&#8221;#f8b43f&#8221;][vc_column_text]\n<p style=\"text-align: left\">10:00 &#8211; 12:00<br \/>\n<strong><span style=\"color: #f8b43f\">Key lecture:<\/span> <\/strong><em><strong>Interventi integrati per il miglioramento sismico ed energetico di edifici in CA e in muratura: sperimentazioni e casi studio (presentazione volume)<br \/>\n<\/strong><\/em>Prof. Andrea Prota, Prof. Francesca Da Porto<\/p>\n[\/vc_column_text][vc_separator color=&#8221;custom&#8221; accent_color=&#8221;#d6d6d6&#8243;][vc_column_text]\n<p style=\"text-align: left\">12:00 &#8211; 13:00<br \/>\n<em><strong>Life Cycle Thinking e indici prestazionali integrati per la concezione e valutazione degli interventi su edifici esistenti<br \/>\n<\/strong><\/em>Prof. Costantino Menna, Ing. Chiara Passoni<\/p>\n[\/vc_column_text][vc_separator color=&#8221;custom&#8221; accent_color=&#8221;#d6d6d6&#8243;][vc_column_text]\n<p style=\"text-align: left\">14:00 &#8211; 15:00<br \/>\n<em><strong>Interventi per il miglioramento sismico di strutture in CA e muratura con esoscheletri: principi e casi studio<br \/>\n<\/strong><\/em>Prof. Antonio Formisano<\/p>\n[\/vc_column_text][vc_separator color=&#8221;custom&#8221; accent_color=&#8221;#d6d6d6&#8243;][vc_column_text]\n<p style=\"text-align: left\">15:00 &#8211; 16:00<br \/>\n<em><strong>Efficacia di interventi di miglioramento sismico per edifici di culto: evidenze dai recenti terremoti e dalla modellazione di casi reali<br \/>\n<\/strong><\/em>Prof. Francesca da Porto<\/p>\n[\/vc_column_text][vc_separator color=&#8221;custom&#8221; accent_color=&#8221;#d6d6d6&#8243;][vc_column_text]\n<p style=\"text-align: left\">16:00 &#8211; 17:00<br \/>\n<em><strong>Ricostruzione e prevenzione sismica: interventi e costi dopo i recenti eventi sismici in Italia &#8211; confronto con i costi degli interventi integrati<br \/>\n<\/strong><\/em>Prof. Marco Di Ludovico, Prof. Andrea Prota<\/p>\n[\/vc_column_text][\/vc_column_inner][vc_column_inner el_class=&#8221;my-&#8221; width=&#8221;1\/3&#8243;][vc_text_separator title=&#8221;Venerd\u00ec 11 ottobre&#8221; title_align=&#8221;separator_align_left&#8221; align=&#8221;align_left&#8221; color=&#8221;custom&#8221; accent_color=&#8221;#f8b43f&#8221;][vc_column_text]\n<p style=\"text-align: left\">10:00 &#8211; 12:00<br \/>\n<strong><span style=\"color: #f8b43f\">Key lecture:<\/span> <\/strong><em><strong>Il rischio sismico e le azioni per la sua mitigazione<br \/>\n<\/strong><\/em>Prof. Mauro Dolce, Prof. Angelo Masi<\/p>\n[\/vc_column_text][vc_separator color=&#8221;custom&#8221; accent_color=&#8221;#d6d6d6&#8243;][vc_column_text]\n<p style=\"text-align: left\">12:00 &#8211; 13:00<br \/>\n<em><strong>Pericolosit\u00e0 sismica, categorie di sottosuolo e azioni sismiche di progetto<br \/>\n<\/strong><\/em>Prof. Roberto Paolucci, Prof. Sebastiano Foti<\/p>\n[\/vc_column_text][vc_separator color=&#8221;custom&#8221; accent_color=&#8221;#d6d6d6&#8243;][vc_column_text]\n<p style=\"text-align: left\">14:00 &#8211; 15:00<br \/>\n<em><strong>Uso consapevole dei software per l&#8217;analisi pushover degli edifici in muratura<br \/>\n<\/strong><\/em>Prof. Guido Magenes, Prof. Serena Cattari<\/p>\n[\/vc_column_text][vc_separator color=&#8221;custom&#8221; accent_color=&#8221;#d6d6d6&#8243;][vc_column_text]\n<p style=\"text-align: left\">15:00 &#8211; 16:00<br \/>\n<em><strong>Metodi di analisi non lineari per la verifica di vulnerabilit\u00e0 di strutture in cemento armato<br \/>\n<\/strong><\/em>Ing. Marco Terrenzi<\/p>\n[\/vc_column_text][vc_separator color=&#8221;custom&#8221; accent_color=&#8221;#d6d6d6&#8243;][vc_column_text]\n<p style=\"text-align: left\">16:00 &#8211; 17:00<br \/>\n<em><strong>Verifica sismica degli edifici con tamponature murarie<br \/>\n<\/strong><\/em>Prof. Paolo Ricci, Prof. Paolo Morandi<\/p>\n[\/vc_column_text][\/vc_column_inner][\/vc_row_inner][\/vc_column][\/vc_row][vc_row][vc_column width=&#8221;1\/2&#8243; el_class=&#8221;px-lg-5&#8243;][vc_empty_space height=&#8221;50px&#8221;][vc_column_text]\n<p style=\"text-align: center\"><em>Organizzato da<\/em><\/p>\n[\/vc_column_text][vc_separator][vc_row_inner][vc_column_inner width=&#8221;1\/6&#8243;][\/vc_column_inner][vc_column_inner width=&#8221;2\/3&#8243;][vc_single_image image=&#8221;26100&#8243; img_size=&#8221;full&#8221; alignment=&#8221;center&#8221;][\/vc_column_inner][vc_column_inner width=&#8221;1\/6&#8243;][\/vc_column_inner][\/vc_row_inner][\/vc_column][vc_column width=&#8221;1\/2&#8243;][vc_empty_space height=&#8221;50px&#8221;][vc_column_text]\n<p style=\"text-align: center\"><em>Media Partner<\/em><\/p>\n[\/vc_column_text][vc_separator][vc_row_inner][vc_column_inner width=&#8221;1\/3&#8243;][\/vc_column_inner][vc_column_inner width=&#8221;1\/3&#8243;][vc_single_image image=&#8221;22633&#8243; img_size=&#8221;full&#8221; alignment=&#8221;center&#8221;][\/vc_column_inner][vc_column_inner width=&#8221;1\/3&#8243;][\/vc_column_inner][\/vc_row_inner][\/vc_column][\/vc_row]\n","protected":false},"excerpt":{"rendered":"<p>[vc_row equal_height=&#8221;yes&#8221; el_class=&#8221;my-1&#8243;][vc_column width=&#8221;2\/3&#8243; el_class=&#8221;py-lg-2 px-lg-5&#8243;][vc_row_inner][vc_column_inner][vc_column_text] ReLUIS a SAIE Bologna: formazione avanzata in Ingegneria Strutturale e Sismica [\/vc_column_text][vc_column_text]ReLUIS \u00e8 la Rete dei Laboratori Universitari di Ingegneria Sismica e Strutturale, un Consorzio interuniversitario che ha lo scopo di coordinare le attivit\u00e0 della comunit\u00e0 scientifica di Ingegneria Sismica e strutturale. Il Consorzio ReLUIS, nell\u2019ambito degli accordi per [&hellip;]<\/p>\n","protected":false},"author":33,"featured_media":18762,"parent":0,"menu_order":0,"comment_status":"closed","ping_status":"closed","template":"","meta":[],"acf":[],"aioseo_notices":[],"_links":{"self":[{"href":"https:\/\/www.saiebologna.it\/it\/wp-json\/wp\/v2\/pages\/26076"}],"collection":[{"href":"https:\/\/www.saiebologna.it\/it\/wp-json\/wp\/v2\/pages"}],"about":[{"href":"https:\/\/www.saiebologna.it\/it\/wp-json\/wp\/v2\/types\/page"}],"author":[{"embeddable":true,"href":"https:\/\/www.saiebologna.it\/it\/wp-json\/wp\/v2\/users\/33"}],"replies":[{"embeddable":true,"href":"https:\/\/www.saiebologna.it\/it\/wp-json\/wp\/v2\/comments?post=26076"}],"version-history":[{"count":3,"href":"https:\/\/www.saiebologna.it\/it\/wp-json\/wp\/v2\/pages\/26076\/revisions"}],"predecessor-version":[{"id":27395,"href":"https:\/\/www.saiebologna.it\/it\/wp-json\/wp\/v2\/pages\/26076\/revisions\/27395"}],"wp:featuredmedia":[{"embeddable":true,"href":"https:\/\/www.saiebologna.it\/it\/wp-json\/wp\/v2\/media\/18762"}],"wp:attachment":[{"href":"https:\/\/www.saiebologna.it\/it\/wp-json\/wp\/v2\/media?parent=26076"}],"curies":[{"name":"wp","href":"https:\/\/api.w.org\/{rel}","templated":true}]}}

[vc_row equal_height=&#8221;yes&#8221; el_class=&#8221;my-1&#8243;][vc_column width=&#8221;2/3&#8243; el_class=&#8221;py-lg-2 px-lg-5&#8243;][vc_row_inner][vc_column_inner][vc_column_text]
<h2>ReLUIS a SAIE Bologna: formazione avanzata in Ingegneria Strutturale e Sismica</h2>
[/vc_column_text][vc_column_text]ReLUIS è la Rete dei Laboratori Universitari di Ingegneria Sismica e Strutturale, un <strong>Consorzio interuniversitario</strong> che ha lo scopo di coordinare le attività della comunità scientifica di <strong>Ingegneria Sismica e strutturale</strong>.</p>
<p>Il <a href="http://www.reluis.it"><strong>Consorzio ReLUIS</strong></a>, nell’ambito degli accordi per la prevenzione sismica con il Dipartimento della Protezione Civile, svolge da più di venti anni attività di sviluppo delle conoscenze volte a potenziare la resilienza delle comunità e delle costruzioni per i diversi rischi, attraverso la ricerca applicata e il suo trasferimento, la formazione e l’innovazione tecnologica nel settore delle costruzioni. Tali attività sono svolte da quasi 300 unità di ricerca in circa 50 università italiane. Molti dei risultati ottenuti in questi venti anni sono confluiti nelle Norme tecniche per le costruzioni e nelle nuove versioni degli Eurocodici, in particolare l’EC8 (Eurocodice sismico).</p>
<p>Per il primo anno ReLUIS ha organizzato la <strong>“Scuola di ingegneria strutturale”</strong> &#8211; a SAIE Bologna 2024 &#8211; che rientra tra gli eventi promossi dal Dipartimento della protezione civile realizzati nell’ambito della Settimana Nazionale della Protezione Civile 2024.</p>
<p>Un’iniziativa che ha coperto le giornate di fiera con un programma estremamente qualificato, che ha coinvolto alcuni dei migliori docenti sulle materie trattate, che riguardavano l&#8217;ingegneria strutturale e sismica applicata all&#8217;ambito delle infrastrutture e degli edifici.</p>
<p>All&#8217;interno del programma vi sono state delle Key Lecture della durata di due ore e lezioni della durata di un’ora.</p>
<p><strong><em>Per la partecipazione agli eventi di ReLUIS era previsto il riconoscimento di crediti formativi professionali dal Consiglio Nazionale degli Ingegneri</em></strong>[/vc_column_text][/vc_column_inner][/vc_row_inner][vc_row_inner content_placement=&#8221;middle&#8221;][vc_column_inner width=&#8221;1/2&#8243;][vc_single_image image=&#8221;27079&#8243; img_size=&#8221;full&#8221; onclick=&#8221;custom_link&#8221; img_link_target=&#8221;_blank&#8221; link=&#8221;https://eventi.protezionecivile.gov.it/it/settimana-della-protezione-civile/&#8221;][/vc_column_inner][vc_column_inner width=&#8221;1/2&#8243;][vc_column_text]
<p style="text-align: right"><a class="btn btn-lg btn-primary my-0" href="#programma">Programma</a></p>
[/vc_column_text][/vc_column_inner][/vc_row_inner][/vc_column][vc_column width=&#8221;1/3&#8243; el_class=&#8221;p-1 p-sm-3 p-lg-4 bg-darker&#8221;][vc_row_inner][vc_column_inner][vc_wp_custommenu nav_menu=&#8221;13&#8243;][/vc_column_inner][/vc_row_inner][/vc_column][/vc_row][vc_row equal_height=&#8221;yes&#8221; content_placement=&#8221;middle&#8221; el_class=&#8221;py-lg-2 px-lg-5 bg-gray&#8221; el_id=&#8221;programma&#8221;][vc_column css=&#8221;.vc_custom_1564664077693{padding-top: 0px !important;}&#8221;][vc_row_inner equal_height=&#8221;yes&#8221; content_placement=&#8221;top&#8221;][vc_column_inner el_class=&#8221;py-lg-2 px-lg-5&#8243;][vc_column_text]
<h3 style="text-align: center"><strong>Programma Generale SAIE 2024</strong></h3>
[/vc_column_text][/vc_column_inner][/vc_row_inner][vc_row_inner equal_height=&#8221;yes&#8221;][vc_column_inner width=&#8221;1/3&#8243;][vc_text_separator title=&#8221;Mercoledì 9 ottobre&#8221; title_align=&#8221;separator_align_left&#8221; align=&#8221;align_left&#8221; color=&#8221;custom&#8221; accent_color=&#8221;#f8b43f&#8221;][vc_column_text]
<p style="text-align: left">10:00 &#8211; 12:00<br />
<strong><span style="color: #f8b43f">Key lecture:</span> </strong><em><strong>Il monitoraggio vibrazionale on-site e l’utilizzo di dati satellitari per il monitoraggio di strutture ed opere infrastrutturali.<br />
</strong></em>Prof. Marco Savoia, Prof. Felice Carlo Ponzo</p>
[/vc_column_text][vc_separator color=&#8221;custom&#8221; accent_color=&#8221;#d6d6d6&#8243;][vc_column_text]
<p style="text-align: left">12:00 &#8211; 13:00<br />
<em><strong>comportamento sismico delle strutture di legno alla luce dello sviluppo del nuovo EN1998-1-2<br />
</strong></em>Prof. Massimo Fragiacomo</p>
[/vc_column_text][vc_separator color=&#8221;custom&#8221; accent_color=&#8221;#d6d6d6&#8243;][vc_column_text]
<p style="text-align: left">14:00 &#8211; 15:00<br />
<em><strong>I materiali Compositi a matrice inorganica (IMC &#8211; Inorganic Matrix Composites) per gli interventi su strutture esistenti<br />
</strong></em>Prof. Maria Antonietta Aiello</p>
[/vc_column_text][vc_separator color=&#8221;custom&#8221; accent_color=&#8221;#d6d6d6&#8243;][vc_column_text]
<p style="text-align: left">15:00 &#8211; 16:00<br />
<em><strong>Calcestruzzi Innovativi a basso impatto ambientale<br />
</strong></em>Prof. Claudio Mazzotti</p>
[/vc_column_text][vc_separator color=&#8221;custom&#8221; accent_color=&#8221;#d6d6d6&#8243;][vc_column_text]
<p style="text-align: left">16:00 &#8211; 17:00<br />
<em><strong>I calcestruzzi fibrorinforzati (FRC) per il miglioramento sismico delle strutture esistenti<br />
</strong></em>Prof. Giovanni Plizzari, Ing. L. Faccone</p>
[/vc_column_text][/vc_column_inner][vc_column_inner el_class=&#8221;bg-gray&#8221; width=&#8221;1/3&#8243;][vc_text_separator title=&#8221;Giovedì 10 ottobre&#8221; title_align=&#8221;separator_align_left&#8221; align=&#8221;align_left&#8221; color=&#8221;custom&#8221; accent_color=&#8221;#f8b43f&#8221;][vc_column_text]
<p style="text-align: left">10:00 &#8211; 12:00<br />
<strong><span style="color: #f8b43f">Key lecture:</span> </strong><em><strong>Interventi integrati per il miglioramento sismico ed energetico di edifici in CA e in muratura: sperimentazioni e casi studio (presentazione volume)<br />
</strong></em>Prof. Andrea Prota, Prof. Francesca Da Porto</p>
[/vc_column_text][vc_separator color=&#8221;custom&#8221; accent_color=&#8221;#d6d6d6&#8243;][vc_column_text]
<p style="text-align: left">12:00 &#8211; 13:00<br />
<em><strong>Life Cycle Thinking e indici prestazionali integrati per la concezione e valutazione degli interventi su edifici esistenti<br />
</strong></em>Prof. Costantino Menna, Ing. Chiara Passoni</p>
[/vc_column_text][vc_separator color=&#8221;custom&#8221; accent_color=&#8221;#d6d6d6&#8243;][vc_column_text]
<p style="text-align: left">14:00 &#8211; 15:00<br />
<em><strong>Interventi per il miglioramento sismico di strutture in CA e muratura con esoscheletri: principi e casi studio<br />
</strong></em>Prof. Antonio Formisano</p>
[/vc_column_text][vc_separator color=&#8221;custom&#8221; accent_color=&#8221;#d6d6d6&#8243;][vc_column_text]
<p style="text-align: left">15:00 &#8211; 16:00<br />
<em><strong>Efficacia di interventi di miglioramento sismico per edifici di culto: evidenze dai recenti terremoti e dalla modellazione di casi reali<br />
</strong></em>Prof. Francesca da Porto</p>
[/vc_column_text][vc_separator color=&#8221;custom&#8221; accent_color=&#8221;#d6d6d6&#8243;][vc_column_text]
<p style="text-align: left">16:00 &#8211; 17:00<br />
<em><strong>Ricostruzione e prevenzione sismica: interventi e costi dopo i recenti eventi sismici in Italia &#8211; confronto con i costi degli interventi integrati<br />
</strong></em>Prof. Marco Di Ludovico, Prof. Andrea Prota</p>
[/vc_column_text][/vc_column_inner][vc_column_inner el_class=&#8221;my-&#8221; width=&#8221;1/3&#8243;][vc_text_separator title=&#8221;Venerdì 11 ottobre&#8221; title_align=&#8221;separator_align_left&#8221; align=&#8221;align_left&#8221; color=&#8221;custom&#8221; accent_color=&#8221;#f8b43f&#8221;][vc_column_text]
<p style="text-align: left">10:00 &#8211; 12:00<br />
<strong><span style="color: #f8b43f">Key lecture:</span> </strong><em><strong>Il rischio sismico e le azioni per la sua mitigazione<br />
</strong></em>Prof. Mauro Dolce, Prof. Angelo Masi</p>
[/vc_column_text][vc_separator color=&#8221;custom&#8221; accent_color=&#8221;#d6d6d6&#8243;][vc_column_text]
<p style="text-align: left">12:00 &#8211; 13:00<br />
<em><strong>Pericolosità sismica, categorie di sottosuolo e azioni sismiche di progetto<br />
</strong></em>Prof. Roberto Paolucci, Prof. Sebastiano Foti</p>
[/vc_column_text][vc_separator color=&#8221;custom&#8221; accent_color=&#8221;#d6d6d6&#8243;][vc_column_text]
<p style="text-align: left">14:00 &#8211; 15:00<br />
<em><strong>Uso consapevole dei software per l&#8217;analisi pushover degli edifici in muratura<br />
</strong></em>Prof. Guido Magenes, Prof. Serena Cattari</p>
[/vc_column_text][vc_separator color=&#8221;custom&#8221; accent_color=&#8221;#d6d6d6&#8243;][vc_column_text]
<p style="text-align: left">15:00 &#8211; 16:00<br />
<em><strong>Metodi di analisi non lineari per la verifica di vulnerabilità di strutture in cemento armato<br />
</strong></em>Ing. Marco Terrenzi</p>
[/vc_column_text][vc_separator color=&#8221;custom&#8221; accent_color=&#8221;#d6d6d6&#8243;][vc_column_text]
<p style="text-align: left">16:00 &#8211; 17:00<br />
<em><strong>Verifica sismica degli edifici con tamponature murarie<br />
</strong></em>Prof. Paolo Ricci, Prof. Paolo Morandi</p>
[/vc_column_text][/vc_column_inner][/vc_row_inner][/vc_column][/vc_row][vc_row][vc_column width=&#8221;1/2&#8243; el_class=&#8221;px-lg-5&#8243;][vc_empty_space height=&#8221;50px&#8221;][vc_column_text]
<p style="text-align: center"><em>Organizzato da</em></p>
[/vc_column_text][vc_separator][vc_row_inner][vc_column_inner width=&#8221;1/6&#8243;][/vc_column_inner][vc_column_inner width=&#8221;2/3&#8243;][vc_single_image image=&#8221;26100&#8243; img_size=&#8221;full&#8221; alignment=&#8221;center&#8221;][/vc_column_inner][vc_column_inner width=&#8221;1/6&#8243;][/vc_column_inner][/vc_row_inner][/vc_column][vc_column width=&#8221;1/2&#8243;][vc_empty_space height=&#8221;50px&#8221;][vc_column_text]
<p style="text-align: center"><em>Media Partner</em></p>
[/vc_column_text][vc_separator][vc_row_inner][vc_column_inner width=&#8221;1/3&#8243;][/vc_column_inner][vc_column_inner width=&#8221;1/3&#8243;][vc_single_image image=&#8221;22633&#8243; img_size=&#8221;full&#8221; alignment=&#8221;center&#8221;][/vc_column_inner][vc_column_inner width=&#8221;1/3&#8243;][/vc_column_inner][/vc_row_inner][/vc_column][/vc_row]

<p>[vc_row equal_height=&#8221;yes&#8221; el_class=&#8221;my-1&#8243;][vc_column width=&#8221;2/3&#8243; el_class=&#8221;py-lg-2 px-lg-5&#8243;][vc_row_inner][vc_column_inner][vc_column_text] ReLUIS a SAIE Bologna: formazione avanzata in Ingegneria Strutturale e Sismica [/vc_column_text][vc_column_text]ReLUIS è la Rete dei Laboratori Universitari di Ingegneria Sismica e Strutturale, un Consorzio interuniversitario che ha lo scopo di coordinare le attività della comunità scientifica di Ingegneria Sismica e strutturale. Il Consorzio ReLUIS, nell’ambito degli accordi per [&hellip;]</p>
